/(34/357). Calculate the greatest common divisor of 2086 and v.
14
Suppose q + 47 = 5*k, -5*k + 9*q + 35 = 4*q. Let x be k/(-6 - (-26)/4). Let w be (-6)/(-9) + (-176)/(-6). Calculate the highest common divisor of w and x.
10
Suppose 0 = -217*u + 221*u - 8. Suppose -3*a = -4*f - 0*f + 9, 0 = -u*f - 3*a + 27. Calculate the highest common factor of f and 276.
6
Suppose x + 7*f - 121 = 9*f, -5*x = -f - 578. Calculate the highest common factor of 8395 and x.
115
Suppose -48 = -2*i + 4*g, -2*g - 84 = -5*i + 4. Suppose -3*k = -w - 360, 5*k + 249 = 2*w + 849. Calculate the highest common divisor of k and i.
8
Let s(p) = -1. Let u(j) = j**2 + 4*j - 24. Let y(w) = 3*s(w) + u(w). Let z be y(-13). Let c = 13 + -3. What is the greatest common factor of c and z?
10
Let l(d) = d - 2. Let s(j) = -7*j - 24. Let u(m) = -6*l(m) - s(m). Let k be u(-10). What is the highest common divisor of 130 and k?
26
Suppose -5*h - 62 = 38. Suppose -31*k - 217 = -124. Let d be h/k*(-126)/(-15). What is the highest common divisor of 14 and d?
14
Let w(z) = z**3 - 5*z**2 - z - 8. Let c be w(6). Suppose c*v + 297 = 23*v. Calculate the highest common divisor of 27 and v.
27
Let j = -754 + 212. Let c = j + 579. Calculate the highest common factor of 444 and c.
37
Let w(k) = 7*k**2 - 33*k + 48. Let o(l) = l**2 - 2*l - 1. Let q(d) = 6*o(d) - w(d). Let f be q(5). Calculate the highest common divisor of f and 130.
26
Suppose 0 = 9*m - 11 + 1631. Let j = -155 - m. Calculate the highest common divisor of 175 and j.
25
Suppose 33*n = 37*n. Let f be 27 + (-7 - (-7 - n)). Calculate the greatest common divisor of 3 and f.
3
Let q be ((-10)/(-3))/((-1)/(-3)). Suppose 0 = -4*w - 12*w + 672. Suppose 3*x - w = 33. What is the greatest common factor of q and x?
5
Let a(k) = -k**3 + 5*k**2 + 6*k + 33. Let q be a(6). Let d = 54 + -21. Calculate the greatest common divisor of d and q.
33
Let z be (-65 + 1)*55*23/(-506). Let n = -8 - -13. What is the highest common divisor of z and n?
5
Let l = 27001 - 26963. What is the greatest common divisor of l and 13490?
38
Suppose 3 = -4*a + 47. Let h = a - -17. Calculate the greatest common factor of 140 and h.
28
Suppose 10*m - 13*m - 2454 = 0. Let g = -548 - m. Let o be 27 + (-6)/10*-5. What is the highest common divisor of o and g?
30
Suppose -2*h = -315*v + 318*v - 1343, -1789 = -4*v - 3*h. Calculate the highest common factor of v and 123.
41
Let d(g) = -63*g - 57. Let n be d(-1). Let x be ((-19)/((-76)/n))/((-3)/(-52)). Let t be 2*1*13/2. Calculate the greatest common factor of x and t.
13
Suppose -5*c - 84 = -14. Let w(r) = r**2 + 19*r - 28. Let k be w(c). Let i be (2/(-8))/(-1) + k/(-56). Calculate the greatest common factor of 2 and i.
2
Let a(s) = 2*s**3 - 126*s**2 - 4*s + 290. Let b be a(63). Calculate the highest common factor of 4617 and b.
19
Let s(g) = -4449*g + 232. Let r be s(-1). What is the highest common divisor of r and 604?
151
Suppose -2*a = 18 - 78. Let l be (285/a)/(1/18). What is the greatest common factor of l and 18?
9
Let u(n) = -n**3 - 5*n**2 + 4*n - 6. Suppose -3*v + 1 = 19. Let d be u(v). Let a be (60/(-270))/(1/(-81)). Calculate the highest common divisor of a and d.
6
Let i be (-24)/(-60) + 2/((-20)/(-446)). Let n = 11 - -7. Let m = n + 0. Calculate the greatest common factor of m and i.
9
Let s = 23571 - 19323. What is the highest common factor of s and 72?
72
Suppose 47 + 80 = 2*p + j, j = 3*p - 193. Let o(i) = -2*i + 33. Let z be o(15). Let v = z + 29. What is the greatest common divisor of p and v?
32
Suppose h = -4*j - 4, 28 + 0 = 3*h + 2*j. Let p be (-17227)/(-642) + 2/h. Calculate the highest common divisor of p and 12.
3
Suppose 126*a - 261*a - 246960 = -155*a. What is the highest common divisor of a and 36?
36
Suppose -60 = -h + 98. Let t = 181 - h. Suppose 5*o = -q + 288 - 81, -3*o - 414 = -2*q. Calculate the highest common factor of t and q.
23
Let u = -590 - -942. Let c be 25 - (4147/(-638) + (0 - 1/2)). What is the greatest common factor of u and c?
32
Suppose 886*i + 588042 = 928*i. What is the greatest common divisor of 39 and i?
39
Let p be ((-14)/4)/((-2)/8). Suppose 4*u + 293 = 809. Suppose -b + u = y - 0*b, -2*y = -b - 249. Calculate the highest common factor of p and y.
14
Let o = -12 + 20. Suppose -708 = 2*r - 2*y, 0 = 5*r - 2*y + 7*y + 1760. Let l = r + 369. What is the highest common divisor of o and l?
8
Let o be (16 + -536)*(136/(-20) + 6). What is the greatest common factor of o and 78?
26
Let y(s) = 47*s - 3. Let p(j) = 93*j - 5. Let l(x) = -4*p(x) + 7*y(x). Let u be l(-2). Let m = u + -43. Calculate the greatest common divisor of 42 and m.
42
Let q = 88 - 16. Let l = 116 - q. Calculate the greatest common divisor of 352 and l.
44
Let k(z) = 2*z**2 - z - 2. Let a be k(0). Let d be (7 - a) + (6 - 4). Suppose -d = -4*u + 569. What is the highest common divisor of 58 and u?
29
Suppose 0 = -3*h + 3*u + 90, -4*u + 5*u = 0. Let y = -12189 + 12209. Calculate the highest common factor of y and h.
10
Suppose -56600 - 167569 = -97*q + 67801. What is the highest common factor of 140 and q?
70
Suppose j + 2091 = 4*j. Suppose 10*w - 166 = -4*d, -27*w = -30*w - 2*d + 49. What is the greatest common divisor of j and w?
17
Let a = -612 + 383. Let i = a - -244. What is the highest common factor of 135 and i?
15
Suppose 4*r = 4*s + 17 + 51, -4 = -2*r - 4*s. Suppose r*z = 14*z - 4. Suppose q + z = 3*q. Calculate the highest common factor of 4 and q.
1
Let m(l) = -l + 4. Let x be m(0). Suppose -140*t - 35 = -145*t. Let k(j) = -j**2 + 12*j - 23. Let p be k(t). Calculate the greatest common divisor of p and x.
4
Suppose -3*z + 72 = -i + 147, -4*z + 212 = 3*i. Calculate the highest common divisor of i and 234.
18
Let d = 7327 + -7277. Calculate the highest common factor of d and 3350.
50
Let i(q) = -q**3 + 5*q**2 + 6*q - 18. Let z be i(3). What is the greatest common factor of z and 1917?
9
Let x(s) be the first derivative of 1/4*s**4 + 5 + 6*s**2 - 13*s + 3*s**3. Let a be x(-7). Calculate the greatest common factor of 3 and a.
1
Let w(i) = -20*i**2 - 85*i + 27. Let u(m) = 56*m**2 + 255*m - 81. Let p(t) = 3*u(t) + 8*w(t). Let c be p(-12). What is the highest common factor of 35 and c?
35
Suppose 5*i - 2*h = 201, 3*i - 20*h + 16*h = 129. Suppose n + 2*n - 1293 = 0. Suppose i = -4*a + n. Calculate the highest common factor of 14 and a.
14
Suppose m = -5*l + 28, 3*m + 91 = 4*l + 118. Suppose -4*k + m*k = 630. What is the greatest common factor of k and 105?
35
Let r(a) = -a**3 + 6*a**2 - 3*a + 19. Let c be r(6). Let s = -52 - -39. Let q = -2 - s. What is the highest common factor of q and c?
1
Let j be (736/(-12))/4*-3 + 3. Let b be (-18)/(-21) + 7/j. Let g be (b/(-9))/(1/3)*-57. Calculate the highest common divisor of g and 152.
19
Let s be ((-81)/(-45))/(1/20). Let p(u) = u**2 - 10*u + 34. Let z be p(20). What is the highest common factor of z and s?
18
Let b = -3574 - -3662. What is the highest common factor of b and 2530?
22
Suppose m - 144 = -2*m. Let t = -114133 + 114997. What is the greatest common factor of t and m?
48
Let p = -30 - -26. Let v = -12 - -14. Let y be (0 - -1) + p + v + 10. Calculate the greatest common divisor of y and 27.
9
Let v be (-3)/2*342/(-19). Suppose v*r - 534 = 1194. What is the highest common factor of r and 128?
64
Suppose 5*v + 22 = -3*w, 83 = 74*v + 82*w - 83*w. Let n(z) = z**3 + 5*z**2 + 4*z + 3. Let g be n(-4). What is the greatest common factor of v and g?
1
Let c = 34 + -37. Let s(b) = -b**3 - 2*b - 5. Let x be s(c). Calculate the highest common divisor of x and 126.
14
Suppose -3*c - 428 = -h + c, h - 419 = c. Suppose 4*j + 4*x - 8*x - 148 = 0, -4*j - 3*x = -113. What is the greatest common factor of j and h?
32
Suppose -5 = -w + b, 8 = -2*w + 4*b + 18. Suppose 4*v - 308 = w*o, -5*o - 10 = 10. What is the highest common factor of v and 9?
9
Suppose 0 = 3*u + 27*u - 7140. Let p = u - 223. Calculate the greatest common divisor of 150 and p.
15
Let v = 27103 + -26317. What is the highest common divisor of 204 and v?
6
Let j be 12 + 1 + 0 - -2. Suppose -4*f = -4*h - 64, -18 - 2 = -2*f + 5*h. What is the greatest common divisor of f and j?
5
Suppose 3 + 1 = 2*z. Suppose -2*c - 2*t - 6 = 0, 10*c - z*t + 15 = 5*c. Let g be 3 + 4/(-6)*c. Calculate the highest common divisor of g and 5.
